me factors of 142868690.
2, 5, 499, 28631
What are the prime factors of 338067405?
3, 5, 13, 192631
What are the prime factors of 277564037?
421, 601, 1097
What are the prime factors of 24411706?
2, 11, 47, 23609
List the prime factors of 2511511829.
25951, 96779
What are the prime factors of 517776112?
2, 7, 79, 139, 421
List the prime factors of 2179182931.
29, 75144239
List the prime factors of 453156806.
2, 226578403
What are the prime factors of 154954171?
154954171
List the prime factors of 1271879780.
2, 5, 31, 2051419
What are the prime factors of 577822908?
2, 3, 13, 19, 383, 509
What are the prime factors of 164348737?
7, 2609, 8999
What are the prime factors of 1449238562?
2, 41, 1613, 10957
What are the prime factors of 209009492?
2, 17, 3073669
What are the prime factors of 1963917227?
9341, 210247
What are the prime factors of 22979133?
3, 239, 1187
What are the prime factors of 3179093660?
2, 5, 241, 659563
What are the prime factors of 2399671624?
2, 7, 109, 131, 3001
What are the prime factors of 1479637986?
2, 3, 179, 587, 2347
List the prime factors of 1594563371.
1594563371
List the prime factors of 2302747410.
2, 3, 5, 17, 4515191
What are the prime factors of 80406362?
2, 17, 439, 5387
What are the prime factors of 2897774150?
2, 5, 2683, 21601
What are the prime factors of 649264947?
3, 216421649
List the prime factors of 1809334648.
2, 11, 3347, 6143
List the prime factors of 1726107.
3, 575369
List the prime factors of 58381745.
5, 37, 41, 43, 179
List the prime factors of 12051578.
2, 7, 11, 139, 563
What are the prime factors of 23615075?
5, 11, 79, 1087
List the prime factors of 440310278.
2, 2543, 86573
List the prime factors of 216463690.
2, 5, 37, 585037
What are the prime factors of 27944712?
2, 3, 137, 2833
What are the prime factors of 161808717?
3, 7, 107, 673
List the prime factors of 52139840.
2, 5, 162937
What are the prime factors of 41816051?
431, 97021
What are the prime factors of 87766525?
5, 7, 11, 127, 359
What are the prime factors of 59506104?
2, 3, 7, 127, 2789
List the prime factors of 2054904535.
5, 89, 683, 6761
What are the prime factors of 4467492250?
2, 5, 13, 1374613
What are the prime factors of 661983662?
2, 330991831
List the prime factors of 869753475.
3, 5, 43, 89897
List the prime factors of 620542221.
3, 13, 31, 513269
List the prime factors of 35105003.
35105003
List the prime factors of 88996079.
88996079
List the prime factors of 276028609.
17, 59, 149, 1847
What are the prime factors of 405798050?
2, 5, 7, 1159423
List the prime factors of 162472881.
3, 131, 413417
What are the prime factors of 85065200?
2, 5, 11, 19333
What are the prime factors of 39709380?
2, 3, 5, 661823
List the prime factors of 72616210.
2, 5, 1873, 3877
List the prime factors of 78883039.
78883039
List the prime factors of 287041344.
2, 3, 577, 2591
List the prime factors of 15801964.
2, 47, 84053
What are the prime factors of 85935593?
85935593
List the prime factors of 948004732.
2, 237001183
What are the prime factors of 29261784?
2, 3, 1219241
What are the prime factors of 451013764?
2, 112753441
What are the prime factors of 1081705643?
601, 1799843
List the prime factors of 175541530.
2, 5, 31, 61, 9283
What are the prime factors of 805328500?
2, 5, 1610657
List the prime factors of 30975678.
2, 3, 61, 28211
List the prime factors of 50007600.
2, 3, 5, 29, 479
List the prime factors of 594263705.
5, 7, 271, 62653
List the prime factors of 3215846935.
5, 7, 91881341
What are the prime factors of 65521589?
7, 1049, 8923
What are the prime factors of 85231263?
3, 13, 168109
List the prime factors of 96884981.
37, 563, 4651
What are the prime factors of 3605987?
7, 11, 46831
List the prime factors of 685302507.
3, 19, 701, 5717
What are the prime factors of 1067584074?
2, 3, 177930679
What are the prime factors of 137174098?
2, 89, 770641
What are the prime factors of 2149887700?
2, 5, 751, 28627
What are the prime factors of 1065735702?
2, 3, 71, 97, 8597
What are the prime factors of 1786326182?
2, 37, 2027, 11909
List the prime factors of 91013173.
19, 4790167
What are the prime factors of 265036481?
29, 1543, 5923
List the prime factors of 21796889.
281, 77569
List the prime factors of 153774102.
2, 3, 457, 56081
What are the prime factors of 385139973?
3, 107, 1199813
What are the prime factors of 207392615?
5, 647, 64109
List the prime factors of 672005808.
2, 3, 307, 563
What are the prime factors of 1167856711?
7, 166836673
What are the prime factors of 428086534?
2, 23, 9306229
What are the prime factors of 124357236?
2, 3, 10363103
What are the prime factors of 758317231?
7, 659, 164387
What are the prime factors of 29024072?
2, 7, 11, 53, 127
What are the prime factors of 132238028?
2, 13, 29, 87691
List the prime factors of 1686454359.
3, 1621, 346793
List the prime factors of 168366813.
3, 1093, 51347
What are the prime factors of 4853567519?
1021, 4753739
What are the prime factors of 98778187?
127, 777781
What are the prime factors of 397637529?
3, 19, 367163
What are the prime factors of 1563110?
2, 5, 67, 2333
List the prime factors of 163823759.
11, 14893069
What are the prime factors of 1767263588?
2, 53, 317, 26297
List the prime factors of 4302681937.
37, 3491, 33311
What are the prime factors of 48559839?
3, 19, 881, 967
List the prime factors of 571884231.
3, 190628077
What are the prime factors of 4966177?
37, 79, 1699
List the prime factors of 30381133.
19, 179, 8933
What are the prime factors of 27073063?
79, 342697
List the prime factors of 77935734.
2, 3, 4329763
List the prime factors of 15923430.
2, 3, 5, 176927
List the prime factors of 5583058632.
2, 3, 77542481
List the prime factors of 327565423.
509, 643547
What are the prime factors of 12056419?
41, 294059
What are the prime factors of 1837349415?
3, 5, 11, 3711817
List the prime factors of 1155562982.
2, 7, 11791459
What are the prime factors of 54275683?
7, 11, 101, 997
List the prime factors of 51193898.
2, 7, 3656707
What are the prime factors of 59155201?
7, 1207249
What are the prime factors of 83697037?
83697037
What are the prime factors of 21048357?
3, 11, 637829
What are the prime factors of 124337368?
2, 19, 251, 3259
List the prime factors of 5399530840.
2, 5, 11, 167, 73483
List the prime factors of 719276894.
2, 7, 1187, 43283
What are the prime factors of 5721024568?
2, 7, 61, 113, 14821
List the prime factors of 80892230.
2, 5, 857, 9439
What are the prime factors of 26809434?
2, 3, 496471
List the prime factors of 2929380993.
3, 7, 11, 17, 19, 23, 569
What are the prime factors of 2186144289?
3, 7, 2953, 3917
What are the prime factors of 1310414824?
2, 53, 73, 42337
List the prime factors of 647197851.
3, 23, 9379679
List the prime factors of 598287082.
2, 299143541
What are the prime factors of 44514072?
2, 3, 29, 21319
List the prime factors of 993415414.
2, 3583, 138629
What are the prime factors of 687827217?
3, 7, 11, 347, 8581
List the prime factors of 35092742.
2, 17546371
List the prime factors of 1155975942.
2, 3, 11, 17514787
What are the prime factors of 86791285?
5, 7, 2479751
List the prime factors of 218873380.
2, 5, 11, 994879
What are the prime factors of 25671987?
3, 11, 257, 1009
What are the prime factors of 37870742?
2, 7, 13, 23, 83, 109
What are the prime factors of 435129950?
2, 5, 31, 280729
What are the prime factors of 170984312?
2, 2617, 8167
List the prime factors of 5546237336.
2, 693279667
List the prime factors of 6554205.
3, 5, 7, 20807
List the prime factors of 31124892.
2, 3, 17, 271, 563
What are the prime factors of 2178517800?
2, 3, 5, 1613, 2251
List the prime factors of 208035533.
208035533
What are the prime factors of 1720965284?
2, 17, 401, 63113
List the prime factors of 213358085.
5, 42671617
List the prime factors of 5562064645.
5, 1112412929
List the prime factors of 50904795.
3, 5, 3393653
List the prime factors of 87123553.
11, 7920323
What are the prime factors of 60008390?
2, 5, 13, 461603
What are the prime factors of 186540243?
3, 62180081
What are the prime factors of 21444650?
2, 5, 17, 25229
What are the prime factors of 3824058993?
3, 1987, 641513
List the prime factors of 1955655.
3, 5, 13, 3343
What are the prime factors of 6606388?
2, 16